, -p + 2*x + v = 0. Is p prime?
False
Is 22/44*10084/2 composite?
False
Let r(c) = -c**2 + c - 1. Let v(i) = 4*i**2 - 4*i + 2. Let d(p) = 7*r(p) + 2*v(p). Let a be d(3). Is 1*(3 - a) - -7 composite?
False
Suppose 3*s - 4*s + 631 = 0. Is s a composite number?
False
Suppose 7*p - 27369 = -2*p. Is p a composite number?
False
Let z(t) be the third derivative of t**5/5 + t**4/24 - t**2. Is z(1) a prime number?
True
Suppose -2*w + 406 = 5*j, -2*j - 393 = -4*w + 419. Is w a composite number?
True
Suppose -x = 4*q - 13, -q + 5 = 3*x - 12. Suppose -c + 9 = -o - 6, 5*o = q*c - 45. Is c a composite number?
True
Is -2 + (762/(-1))/(-2) a composite number?
False
Suppose -4*u = u - 60. Suppose -3 = -3*t - u. Is t + 1 - (-165)/1 prime?
True
Let t(l) = 4*l**2 - 48*l + 10. Is t(19) composite?
True
Let j(q) = q**2 - 2*q + 49. Is j(0) prime?
False
Suppose 3*a - 866 - 1855 = 0. Is a a prime number?
True
Is 715/4 + 1/4 a composite number?
False
Suppose -4*r - 8 = -2*x, 3 = 4*x - x + 3*r. Suppose -3*v = x*o + 36 - 181, 3*o = -v + 39. Let z = v - 18. Is z a prime number?
False
Let u(s) be the third derivative of 35*s**4/12 - 5*s**3/6 - 4*s**2. Is u(7) a prime number?
False
Let n(b) = 3*b**2 + 6*b + 4. Let d be n(-4). Let l = d - -13. Is l/3 + (-4)/(-12) a composite number?
True
Let j = -6 + 4. Is 2*j/(-4)*11 prime?
True
Let o = 2 + 59. Suppose -162 - o = -m. Is m prime?
True
Suppose 6*t - 2*t - u - 105 = 0, t + 3*u - 10 = 0. Let a be (-32)/(-10) + (-5)/t. Suppose a*c - 397 = 212. Is c prime?
False
Is 226 - (1 - 6/(-3)) composite?
False
Suppose -8*j = -2827 + 179. Is j prime?
True
Suppose -4*s - 3*n = 10 + 1, 28 = 3*s - 5*n. Let d be (4/s)/((-10)/(-55)). Suppose 3*c = 64 - d. Is c a prime number?
False
Let c(y) = 4*y**3 + 2*y**2 - y. Let b be c(1). Suppose 3*m = -5*d + m + 1109, -b*d = -3*m - 1124. Is d a prime number?
True
Let k(r) = -r**3 + r**2 + 4*r + 1. Is k(-3) a prime number?
False
Suppose z - 2*z = s + 2, 3*s + 4 = -4*z. Suppose -3*v + i = -290, 687 = 5*v - 5*i + 207. Suppose 0*t = -5*l + 2*t + v, 0 = -2*t - z. Is l prime?
True
Let g(c) = c**2 - 9*c + 9. Let m be g(6). Is m*3/(3/(-1)) composite?
True
Let c(t) = 5*t - 3*t - 1 + t**3 + 0*t**2 - 2*t**2. Let s be c(2). Suppose -s*o = 4*d - 24 - 301, 5*d = o + 392. Is d a prime number?
True
Let a(h) = 76*h**2 + 9*h + 9. Is a(-4) composite?
True
Let w = 583 + -248. Suppose 0 = -j - 4*j + w. Is j a composite number?
False
Suppose 0 = 2*x + 4*a - 24, 3*x - 3*a - 76 = -a. Let q be (-2 - -1) + x/(-2). Is (-2)/1 - (q + 8) prime?
True
Let p(l) = 36*l**3 + 2*l**2. Let u be p(2). Suppose u = 3*h - 313. Is h prime?
False
Let g(c) = 164*c**2 + 2*c + 1. Is g(-1) a composite number?
False
Suppose -2*u - 3*u + 825 = 0. Suppose 8*v = 3*v + u. Let a = 80 - v. Is a composite?
False
Let u(q) = 3*q**2 - 2*q - 2. Let i be u(2). Suppose -g + 748 = i*b - 2*b, 5*g = 0. Is b composite?
True
Let r = 5 + -1. Let w be ((-18)/24)/(1/r). Is (-1)/w*(72 + 3) prime?
False
Let o be 1/(-3) - 100/(-3). Is (-14)/(-77) - (-2139)/o a composite number?
True
Suppose 2*v - 1565 - 2370 = g, -5*v = -3*g - 9839. Is v a prime number?
False
Is 11/((-3)/3*(-2)/46) prime?
False
Let a(k) be the second derivative of -k**5/20 - 5*k**4/6 - 11*k**3/6 + k**2/2 - 4*k. Is a(-9) a composite number?
False
Let v(u) = -u - 5. Let s be v(-7). Let d be (-4)/((-12)/57) - -1. Suppose 138 + d = s*w. Is w prime?
True
Let i(u) = -2*u**3 - 9*u**2 - 9*u - 4. Let q be i(-6). Suppose -2*s + 4*d - 222 = 0, -3*s - 61 = -3*d + 257. Let l = q + s. Is l prime?
False
Suppose 0 = -8*i + 2*i + 8214. Is i prime?
False
Suppose 3*o - 194 - 133 = 4*w, -4*w - 5*o - 287 = 0. Suppose 5*h = -30 + 5. Is h/(-20) + w/(-8) a composite number?
True
Suppose -k = 5*p - 9, 3*k + 9 = 2*p + p. Let a be k/3 - 1578/18. Let g = -14 - a. Is g composite?
True
Let s(a) = a**3 - 3*a**2 - 5*a + 3. Let z be s(4). Let k = 4 - z. Suppose 5*n + 3*x = x + 173, 0 = -5*n + k*x + 180. Is n prime?
False
Is 19*1/1*1 composite?
False
Let c(u) = -227*u - 1. Suppose g = -3 + 1. Let a be c(g). Suppose 5*z - a = 2. Is z prime?
False
Let f be ((-10)/(-4))/1*(-10 + 12). Suppose 0 = c + 3*c - 12. Suppose -f*n + 5*v + 702 = 4*v, v = c. Is n a prime number?
False
Let b(s) be the third derivative of s**5/60 + s**4/12 + 2*s**3/3 + s**2. Suppose 4*n + 7 = 3*j + 34, 3*n = 2*j + 19. Is b(j) composite?
False
Suppose 2 - 150 = -4*x. Is x prime?
True
Let f(p) = 6*p**2 - 2*p - 3. Suppose h - 5 = -2. Let y be -3*1*2/h. Is f(y) a prime number?
False
Let s(p) = p - 1. Let m be s(5). Suppose m*y - 2*q - 3*q = 226, 5*y - 2*q = 291. Is y a composite number?
False
Let g(y) be the third derivative of -y**5/60 + 5*y**3/3 - 2*y**2. Is g(0) a prime number?
False
Is (-2 + 105)*2 - 6/(-2) prime?
False
Suppose -4*m - 3*u = -20, -3*m - u = 2*m - 14. Let c(v) = 21*v - 3. Is c(m) a prime number?
False
Let l(d) = d**3 + 3*d**2 + 2. Let g(k) = 2*k - 1. Let w be g(-1). Let q be l(w). Is q/4*14*3 a composite number?
True
Let f(r) be the first derivative of -r**2/2 + 206*r + 2. Let j be f(0). Suppose 21 - j = -5*o. Is o prime?
True
Let x = -95 - -582. Is x prime?
True
Let g be -3 + 1/2*28. Suppose -4*s + 43 = -6*s - 3*q, -2*s - 67 = -5*q. Let c = g - s. Is c a prime number?
True
Suppose 4*k - 7 - 5 = 0. Suppose -322 = -k*d + d. Is d prime?
False
Suppose -1488 = 3*n + s - 21370, 2*n = 2*s + 13268. Is n a composite number?
True
Suppose 0 = 4*s - 5*s + 3. Suppose s*n = -12, 5*n - 477 = -3*l + 2*l. Is l a prime number?
False
Suppose -4*p + 3*p + 76 = 0. Suppose z = -3*z + p. Is z a composite number?
False
Suppose 3*d = -k - 0*d + 7, 5*k - 4*d + 3 = 0. Let r = -1 + k. Suppose 5*q - a = 94 - 30, -2*a + 2 = r. Is q prime?
True
Let r(w) = w**2 - 4*w - 9. Is r(-6) composite?
True
Is ((-8)/12)/(4/(-3786)) a composite number?
False
Let j(t) = -t**3 - 13*t**2 - 15*t - 2. Is j(-12) a prime number?
False
Suppose -2*m + 279 = 25. Is m a prime number?
True
Suppose 4*r + 1052 = 8*r. Is r a composite number?
False
Let w be (3 - 1) + 122 - 0. Suppose 4*n = 4*l - w, 76 = 2*l + 6*n - n. Is l prime?
False
Is (((-359)/3)/(-1))/((-1)/(-9)) composite?
True
Let t be 1 + (-163 - (5 + -3)). Let v = -81 - t. Is v a prime number?
True
Let y be (-2 + 4 - 3) + 1. Suppose -a - 1 + 4 = y. Suppose 4*b + 2*i = 64, 8*b - a*b + 5*i = 90. Is b a composite number?
True
Let p be 22/(-3)*93/2. Let b(v) = v**2 + 6*v - 2. Let h be b(-6). Is p/h - (-3)/(-2) prime?
False
Suppose 4*l + 0*l = i + 16, -4 = -4*i - l. Let b = i + 3. Is 382/(b + 1/(-1)) composite?
False
Let d = 2796 + -1841. Is d composite?
True
Let q = -3 + 3. Suppose q = -12*x + 16*x - 364. Is x a composite number?
True
Suppose 0 = k + k - 286. Is k a composite number?
True
Let p = 2352 + -701. Is p composite?
True
Suppose 0 = -2*a - 0*a - 10. Let c = 8 - a. Is c a composite number?
False
Let r(i) = 16*i**2 - 10*i + 25. Is r(7) prime?
True
Let r = 211 + -92. Is r prime?
False
Suppose 0 = -3*l - l + 8. Suppose 2*y - 26 - l = 0. Is 4/14 - (-738)/y prime?
True
Let l be (-9)/(0 + 0 + -1). Suppose -6*j + l*j - 669 = 0. Is j a composite number?
False
Suppose -42 = -w + 219. Suppose 2*f + f - w = 0. Is f a composite number?
True
Suppose -6 - 10 = -j. Let m be 132/j + (-2)/8. Let p = -4 + m. Is p prime?
False
Suppose 0 = 3*x - r + 580, x - 3*r = -49 - 139. Let y = -127 - x. Is y a prime number?
True
Let n(g) = -g**3 - 6*g**2 - 6*g - 14. Is n(-7) prime?
False
Suppose 6*p - p = -25. Let o = 16 + p. Is o a prime number?
True
Let l(a) = 2*a**2 + 10*a - 9. Is l(-10) a prime number?
False
Let u = -53 - -16. Is (-4)/8*14*u prime?
False
Suppose -5*a + 2 + 1 = m, 0 = 3*a - 3. Let j(b) = b**2 + 3*b + 3. Let k be j(m). Suppose 4*s + k - 61 = 0. Is s prime?
False
Let k(i) = i**3 - 8*i**2 - 12*i - 12. Let b be k(9). Let r = b + 85. Is r prime?
False
Suppose 8*u - 930 = 2*u. Is u composite?
True
Suppose 0 = -4*o + 2*o - 6. Let n = -4 + 49. Is (n/6)/o*-34 a composite number?
True
Suppose 2*f - 1 = 13. Let w = f + -5. Suppose 0 = -3*x + 4*p + 231, -w*x + 385 = 3*x - 2*p. Is x composite?
True
Suppose 3*t - 465 = -5*s - 2*t, -2*s = t - 181. Suppose 2*a - 5*k = 58, -4*a - 2*k = -5*k - s. Is a a composite number?
False
Let h be 2 - 4 - (-289 + 1). Suppose 14*r + h = 16*r. Is r a prime number?
False
Suppose 451 = 4*n + 23. Suppose s - 3*y = -0*s + n, s - y = 113. Suppose 2